{"id":19,"date":"2015-10-05T02:45:21","date_gmt":"2015-10-05T05:45:21","guid":{"rendered":"http:\/\/localhost\/fifv\/?page_id=19"},"modified":"2017-10-28T23:42:33","modified_gmt":"2017-10-28T23:42:33","slug":"portafolios","status":"publish","type":"page","link":"https:\/\/www.fifv.cl\/2017\/portafolios\/","title":{"rendered":"Visionado de Portafolios"},"content":{"rendered":"<p>Este s\u00e1bado 28 de octubre se iniciaron las actividades del Festival con el Visionado de Portafolios, que estar\u00e1 tomando lugar tambi\u00e9n el d\u00eda de ma\u00f1ana en el Parque Cultural de Valpara\u00edso.<\/p>\n<p>Los seleccionados han mostrado su trabajo y recibido la retroalimentaci\u00f3n, consejos y sugerencias de fot\u00f3grafos invitados al FIFV de diversas partes del globo.<\/p>\n<p>Entre los encargados de la revisi\u00f3n se encuentran Smith (Francia), Zolt\u00e1n Jok\u00e1y (Alemania), Nicol\u00e1s Janowski (Argentina), Walter Astrada (Argentina), Romina Resuche (Argentina), Carla M\u00f6ller (Chile), Patricio Salinas (Chile) y Rodrigo G\u00f3mez Rovira (Chile).<\/p>\n<p>La instancia continuar\u00e1 el 29 de octubre a las 10:00hrs. hasta las 13:00hrs. en el PCdV.<\/p>\n","protected":false},"excerpt":{"rendered":"<p>Este s\u00e1bado 28 de octubre se iniciaron las actividades del Festival con el Visionado de Portafolios, que estar\u00e1 tomando lugar tambi\u00e9n el d\u00eda de ma\u00f1ana en el Parque Cultural de [&hellip;]<\/p>\n","protected":false},"author":1,"featured_media":0,"parent":0,"menu_order":6,"comment_status":"closed","ping_status":"closed","template":"page-fifv-portafolios.php","meta":{"footnotes":""},"class_list":["post-19","page","type-page","status-publish","hentry"],"yoast_head":"<!-- This site is optimized with the Yoast SEO plugin v27.4 - https:\/\/yoast.com\/product\/yoast-seo-wordpress\/ -->\n<title>Visionado de Portafolios - Festival Internacional de Fotograf&iacute;a en Valpara&iacute;so | FIFV.cl<\/title>\n<meta name=\"robots\" content=\"index, follow, max-snippet:-1, max-image-preview:large, max-video-preview:-1\" \/>\n<link rel=\"canonical\" href=\"https:\/\/www.fifv.cl\/2017\/portafolios\/\" \/>\n<meta property=\"og:locale\" content=\"es_ES\" \/>\n<meta property=\"og:type\" content=\"article\" \/>\n<meta property=\"og:title\" content=\"Visionado de Portafolios - Festival Internacional de Fotograf&iacute;a en Valpara&iacute;so | FIFV.cl\" \/>\n<meta property=\"og:description\" content=\"Este s\u00e1bado 28 de octubre se iniciaron las actividades del Festival con el Visionado de Portafolios, que estar\u00e1 tomando lugar tambi\u00e9n el d\u00eda de ma\u00f1ana en el Parque Cultural de [&hellip;]\" \/>\n<meta property=\"og:url\" content=\"https:\/\/www.fifv.cl\/2017\/portafolios\/\" \/>\n<meta property=\"og:site_name\" content=\"Festival Internacional de Fotograf&iacute;a en Valpara&iacute;so | FIFV.cl\" \/>\n<meta property=\"article:modified_time\" content=\"2017-10-28T23:42:33+00:00\" \/>\n<meta name=\"twitter:card\" content=\"summary_large_image\" \/>\n<meta name=\"twitter:label1\" content=\"Tiempo de lectura\" \/>\n\t<meta name=\"twitter:data1\" content=\"1 minuto\" \/>\n<script type=\"application\/ld+json\" class=\"yoast-schema-graph\">{\"@context\":\"https:\\\/\\\/schema.org\",\"@graph\":[{\"@type\":\"WebPage\",\"@id\":\"https:\\\/\\\/www.fifv.cl\\\/2017\\\/portafolios\\\/\",\"url\":\"https:\\\/\\\/www.fifv.cl\\\/2017\\\/portafolios\\\/\",\"name\":\"Visionado de Portafolios - Festival Internacional de Fotograf&iacute;a en Valpara&iacute;so | FIFV.cl\",\"isPartOf\":{\"@id\":\"https:\\\/\\\/www.fifv.cl\\\/2017\\\/#website\"},\"datePublished\":\"2015-10-05T05:45:21+00:00\",\"dateModified\":\"2017-10-28T23:42:33+00:00\",\"breadcrumb\":{\"@id\":\"https:\\\/\\\/www.fifv.cl\\\/2017\\\/portafolios\\\/#breadcrumb\"},\"inLanguage\":\"es\",\"potentialAction\":[{\"@type\":\"ReadAction\",\"target\":[\"https:\\\/\\\/www.fifv.cl\\\/2017\\\/portafolios\\\/\"]}]},{\"@type\":\"BreadcrumbList\",\"@id\":\"https:\\\/\\\/www.fifv.cl\\\/2017\\\/portafolios\\\/#breadcrumb\",\"itemListElement\":[{\"@type\":\"ListItem\",\"position\":1,\"name\":\"Portada\",\"item\":\"https:\\\/\\\/www.fifv.cl\\\/2017\\\/\"},{\"@type\":\"ListItem\",\"position\":2,\"name\":\"Visionado de Portafolios\"}]},{\"@type\":\"WebSite\",\"@id\":\"https:\\\/\\\/www.fifv.cl\\\/2017\\\/#website\",\"url\":\"https:\\\/\\\/www.fifv.cl\\\/2017\\\/\",\"name\":\"Festival Internacional de Fotograf&iacute;a en Valpara&iacute;so | FIFV.cl\",\"description\":\"El FIFV, es un festival de creaci\u00f3n fotogr\u00e1fica que lo hace \u00fanico en su g\u00e9nero. Durante cada edici\u00f3n, las fot\u00f3grafas y los fot\u00f3grafos participan de un proceso de creaci\u00f3n en el cual todas las im\u00e1genes se producen en el marco de las residencias, los talleres y las brigadas fotogr\u00e1ficas, y tienen un hilo conductor: entender el mundo desde Valpara\u00edso.\",\"potentialAction\":[{\"@type\":\"SearchAction\",\"target\":{\"@type\":\"EntryPoint\",\"urlTemplate\":\"https:\\\/\\\/www.fifv.cl\\\/2017\\\/?s={search_term_string}\"},\"query-input\":{\"@type\":\"PropertyValueSpecification\",\"valueRequired\":true,\"valueName\":\"search_term_string\"}}],\"inLanguage\":\"es\"}]}<\/script>\n<!-- \/ Yoast SEO plugin. -->","yoast_head_json":{"title":"Visionado de Portafolios - Festival Internacional de Fotograf&iacute;a en Valpara&iacute;so | FIFV.cl","robots":{"index":"index","follow":"follow","max-snippet":"max-snippet:-1","max-image-preview":"max-image-preview:large","max-video-preview":"max-video-preview:-1"},"canonical":"https:\/\/www.fifv.cl\/2017\/portafolios\/","og_locale":"es_ES","og_type":"article","og_title":"Visionado de Portafolios - Festival Internacional de Fotograf&iacute;a en Valpara&iacute;so | FIFV.cl","og_description":"Este s\u00e1bado 28 de octubre se iniciaron las actividades del Festival con el Visionado de Portafolios, que estar\u00e1 tomando lugar tambi\u00e9n el d\u00eda de ma\u00f1ana en el Parque Cultural de [&hellip;]","og_url":"https:\/\/www.fifv.cl\/2017\/portafolios\/","og_site_name":"Festival Internacional de Fotograf&iacute;a en Valpara&iacute;so | FIFV.cl","article_modified_time":"2017-10-28T23:42:33+00:00","twitter_card":"summary_large_image","twitter_misc":{"Tiempo de lectura":"1 minuto"},"schema":{"@context":"https:\/\/schema.org","@graph":[{"@type":"WebPage","@id":"https:\/\/www.fifv.cl\/2017\/portafolios\/","url":"https:\/\/www.fifv.cl\/2017\/portafolios\/","name":"Visionado de Portafolios - Festival Internacional de Fotograf&iacute;a en Valpara&iacute;so | FIFV.cl","isPartOf":{"@id":"https:\/\/www.fifv.cl\/2017\/#website"},"datePublished":"2015-10-05T05:45:21+00:00","dateModified":"2017-10-28T23:42:33+00:00","breadcrumb":{"@id":"https:\/\/www.fifv.cl\/2017\/portafolios\/#breadcrumb"},"inLanguage":"es","potentialAction":[{"@type":"ReadAction","target":["https:\/\/www.fifv.cl\/2017\/portafolios\/"]}]},{"@type":"BreadcrumbList","@id":"https:\/\/www.fifv.cl\/2017\/portafolios\/#breadcrumb","itemListElement":[{"@type":"ListItem","position":1,"name":"Portada","item":"https:\/\/www.fifv.cl\/2017\/"},{"@type":"ListItem","position":2,"name":"Visionado de Portafolios"}]},{"@type":"WebSite","@id":"https:\/\/www.fifv.cl\/2017\/#website","url":"https:\/\/www.fifv.cl\/2017\/","name":"Festival Internacional de Fotograf&iacute;a en Valpara&iacute;so | FIFV.cl","description":"El FIFV, es un festival de creaci\u00f3n fotogr\u00e1fica que lo hace \u00fanico en su g\u00e9nero. Durante cada edici\u00f3n, las fot\u00f3grafas y los fot\u00f3grafos participan de un proceso de creaci\u00f3n en el cual todas las im\u00e1genes se producen en el marco de las residencias, los talleres y las brigadas fotogr\u00e1ficas, y tienen un hilo conductor: entender el mundo desde Valpara\u00edso.","potentialAction":[{"@type":"SearchAction","target":{"@type":"EntryPoint","urlTemplate":"https:\/\/www.fifv.cl\/2017\/?s={search_term_string}"},"query-input":{"@type":"PropertyValueSpecification","valueRequired":true,"valueName":"search_term_string"}}],"inLanguage":"es"}]}},"_links":{"self":[{"href":"https:\/\/www.fifv.cl\/2017\/wp-json\/wp\/v2\/pages\/19","targetHints":{"allow":["GET"]}}],"collection":[{"href":"https:\/\/www.fifv.cl\/2017\/wp-json\/wp\/v2\/pages"}],"about":[{"href":"https:\/\/www.fifv.cl\/2017\/wp-json\/wp\/v2\/types\/page"}],"author":[{"embeddable":true,"href":"https:\/\/www.fifv.cl\/2017\/wp-json\/wp\/v2\/users\/1"}],"replies":[{"embeddable":true,"href":"https:\/\/www.fifv.cl\/2017\/wp-json\/wp\/v2\/comments?post=19"}],"version-history":[{"count":2,"href":"https:\/\/www.fifv.cl\/2017\/wp-json\/wp\/v2\/pages\/19\/revisions"}],"predecessor-version":[{"id":6743,"href":"https:\/\/www.fifv.cl\/2017\/wp-json\/wp\/v2\/pages\/19\/revisions\/6743"}],"wp:attachment":[{"href":"https:\/\/www.fifv.cl\/2017\/wp-json\/wp\/v2\/media?parent=19"}],"curies":[{"name":"wp","href":"https:\/\/api.w.org\/{rel}","templated":true}]}}