{"id":19,"date":"2015-10-05T02:45:21","date_gmt":"2015-10-05T05:45:21","guid":{"rendered":"http:\/\/localhost\/fifv\/?page_id=19"},"modified":"2015-12-04T00:29:25","modified_gmt":"2015-12-04T03:29:25","slug":"portafolios","status":"publish","type":"page","link":"https:\/\/www.fifv.cl\/2015\/portafolios\/","title":{"rendered":"Portafolios"},"content":{"rendered":"<p>El\u00a0comit\u00e9 del festival seleccion\u00f3\u00a028 trabajos fotogr\u00e1ficos del \u00faltimo a\u00f1o, que fueron revisados\u00a0por \u00a0un jurado de importantes invitados nacionales e internacionales: Juan Manuel Castro Prieto (fot\u00f3grafo espa\u00f1ol), Claudine Doury (fot\u00f3grafa francesa), Paolo Verzone (fot\u00f3grafo italiano), Gilles Favier (director del festival Imagenes Singulieres), Romina Resuche (curadora argentina), Daniel Sosa (director del Centro de fotograf\u00eda de Montevideo),Mane Adaro (editora revista Atlas Imaginarios Visuales), Andrea Aguad (subdirectora Cenfoto), Mauricio Toro (director del Festival Focco) y Nicol\u00e1s Wormull (Fot\u00f3grado y director FIFV Ediciones).<\/p>\n<p>A continuaci\u00f3n, los dos portafolios ganadores \u00a0que tendr\u00e1n \u00a0la oportunidad de exponer en el FIFV 2016, con todos los gastos de producci\u00f3n cubiertos.<\/p>\n","protected":false},"excerpt":{"rendered":"<p>El\u00a0comit\u00e9 del festival seleccion\u00f3\u00a028 trabajos fotogr\u00e1ficos del \u00faltimo a\u00f1o, que fueron revisados\u00a0por \u00a0un jurado de importantes invitados nacionales e internacionales: Juan Manuel Castro Prieto (fot\u00f3grafo espa\u00f1ol), Claudine Doury (fot\u00f3grafa francesa), [&hellip;]<\/p>\n","protected":false},"author":2,"featured_media":0,"parent":0,"menu_order":6,"comment_status":"closed","ping_status":"closed","template":"page-fifv-portafolios.php","meta":{"footnotes":""},"class_list":["post-19","page","type-page","status-publish","hentry"],"_links":{"self":[{"href":"https:\/\/www.fifv.cl\/2015\/wp-json\/wp\/v2\/pages\/19","targetHints":{"allow":["GET"]}}],"collection":[{"href":"https:\/\/www.fifv.cl\/2015\/wp-json\/wp\/v2\/pages"}],"about":[{"href":"https:\/\/www.fifv.cl\/2015\/wp-json\/wp\/v2\/types\/page"}],"author":[{"embeddable":true,"href":"https:\/\/www.fifv.cl\/2015\/wp-json\/wp\/v2\/users\/2"}],"replies":[{"embeddable":true,"href":"https:\/\/www.fifv.cl\/2015\/wp-json\/wp\/v2\/comments?post=19"}],"version-history":[{"count":16,"href":"https:\/\/www.fifv.cl\/2015\/wp-json\/wp\/v2\/pages\/19\/revisions"}],"predecessor-version":[{"id":2219,"href":"https:\/\/www.fifv.cl\/2015\/wp-json\/wp\/v2\/pages\/19\/revisions\/2219"}],"wp:attachment":[{"href":"https:\/\/www.fifv.cl\/2015\/wp-json\/wp\/v2\/media?parent=19"}],"curies":[{"name":"wp","href":"https:\/\/api.w.org\/{rel}","templated":true}]}}

<p>El comité del festival seleccionó 28 trabajos fotográficos del último año, que fueron revisados por  un jurado de importantes invitados nacionales e internacionales: Juan Manuel Castro Prieto (fotógrafo español), Claudine Doury (fotógrafa francesa), Paolo Verzone (fotógrafo italiano), Gilles Favier (director del festival Imagenes Singulieres), Romina Resuche (curadora argentina), Daniel Sosa (director del Centro de fotografía de Montevideo),Mane Adaro (editora revista Atlas Imaginarios Visuales), Andrea Aguad (subdirectora Cenfoto), Mauricio Toro (director del Festival Focco) y Nicolás Wormull (Fotógrado y director FIFV Ediciones).</p>
<p>A continuación, los dos portafolios ganadores  que tendrán  la oportunidad de exponer en el FIFV 2016, con todos los gastos de producción cubiertos.</p>

<p>El comité del festival seleccionó 28 trabajos fotográficos del último año, que fueron revisados por  un jurado de importantes invitados nacionales e internacionales: Juan Manuel Castro Prieto (fotógrafo español), Claudine Doury (fotógrafa francesa), [&hellip;]</p>
