{"id":17,"date":"2015-10-05T02:44:43","date_gmt":"2015-10-05T05:44:43","guid":{"rendered":"http:\/\/localhost\/fifv\/?page_id=17"},"modified":"2015-11-01T13:38:58","modified_gmt":"2015-11-01T16:38:58","slug":"fotolibros","status":"publish","type":"page","link":"https:\/\/www.fifv.cl\/2015\/fotolibros\/","title":{"rendered":"Fotolibros"},"content":{"rendered":"<p>Comprende fotolibros que el FIFV recibi\u00f3 durante el a\u00f1o 2015 producto de una convocatoria Latinoamericana, incluyendo producciones del \u00faltimo tiempo y anteriores. El objetivo de esta muestra es conectar los trabajos de artistas de todo el continente, adem\u00e1s de potenciar el fotolibro como un soporte que perdura en el tiempo y permite que la fotograf\u00eda latinoamericana se difunda e internacionalice.<\/p>\n<p>Los visitantes podr\u00e1n acceder a una colecci\u00f3n \u00fanica de m\u00e1s de 350 fotolibros, que muchos de ellos no se comercializan en nuestro pa\u00eds. Entre esta amplia selecci\u00f3n se encuentran desde donaciones de editoriales de renombre y con gran tiraje, hasta auto-ediciones artesanales que s\u00f3lo cuentan con un ejemplar. Las publicaciones que los asistentes podr\u00e1n revisar provienen de M\u00e9xico, Brasil, Venezuela y otros pa\u00edses latinoamericanos. La variedad de tem\u00e1ticas y el distinto uso de materias primas,\u00a0destacan como lo m\u00e1s interesante de esta muestra.<\/p>\n","protected":false},"excerpt":{"rendered":"<p>Comprende fotolibros que el FIFV recibi\u00f3 durante el a\u00f1o 2015 producto de una convocatoria Latinoamericana, incluyendo producciones del \u00faltimo tiempo y anteriores. El objetivo de esta muestra es conectar los [&hellip;]<\/p>\n","protected":false},"author":2,"featured_media":1204,"parent":0,"menu_order":5,"comment_status":"closed","ping_status":"closed","template":"page-fifv-fotolibros.php","meta":{"footnotes":""},"class_list":["post-17","page","type-page","status-publish","has-post-thumbnail","hentry"],"_links":{"self":[{"href":"https:\/\/www.fifv.cl\/2015\/wp-json\/wp\/v2\/pages\/17","targetHints":{"allow":["GET"]}}],"collection":[{"href":"https:\/\/www.fifv.cl\/2015\/wp-json\/wp\/v2\/pages"}],"about":[{"href":"https:\/\/www.fifv.cl\/2015\/wp-json\/wp\/v2\/types\/page"}],"author":[{"embeddable":true,"href":"https:\/\/www.fifv.cl\/2015\/wp-json\/wp\/v2\/users\/2"}],"replies":[{"embeddable":true,"href":"https:\/\/www.fifv.cl\/2015\/wp-json\/wp\/v2\/comments?post=17"}],"version-history":[{"count":7,"href":"https:\/\/www.fifv.cl\/2015\/wp-json\/wp\/v2\/pages\/17\/revisions"}],"predecessor-version":[{"id":939,"href":"https:\/\/www.fifv.cl\/2015\/wp-json\/wp\/v2\/pages\/17\/revisions\/939"}],"wp:featuredmedia":[{"embeddable":true,"href":"https:\/\/www.fifv.cl\/2015\/wp-json\/wp\/v2\/media\/1204"}],"wp:attachment":[{"href":"https:\/\/www.fifv.cl\/2015\/wp-json\/wp\/v2\/media?parent=17"}],"curies":[{"name":"wp","href":"https:\/\/api.w.org\/{rel}","templated":true}]}}

<p>Comprende fotolibros que el FIFV recibió durante el año 2015 producto de una convocatoria Latinoamericana, incluyendo producciones del último tiempo y anteriores. El objetivo de esta muestra es conectar los trabajos de artistas de todo el continente, además de potenciar el fotolibro como un soporte que perdura en el tiempo y permite que la fotografía latinoamericana se difunda e internacionalice.</p>
<p>Los visitantes podrán acceder a una colección única de más de 350 fotolibros, que muchos de ellos no se comercializan en nuestro país. Entre esta amplia selección se encuentran desde donaciones de editoriales de renombre y con gran tiraje, hasta auto-ediciones artesanales que sólo cuentan con un ejemplar. Las publicaciones que los asistentes podrán revisar provienen de México, Brasil, Venezuela y otros países latinoamericanos. La variedad de temáticas y el distinto uso de materias primas, destacan como lo más interesante de esta muestra.</p>

<p>Comprende fotolibros que el FIFV recibió durante el año 2015 producto de una convocatoria Latinoamericana, incluyendo producciones del último tiempo y anteriores. El objetivo de esta muestra es conectar los [&hellip;]</p>
