{"id":15,"date":"2015-10-05T02:43:43","date_gmt":"2015-10-05T05:43:43","guid":{"rendered":"http:\/\/localhost\/fifv\/?page_id=15"},"modified":"2015-11-01T13:38:58","modified_gmt":"2015-11-01T16:38:58","slug":"dialogos","status":"publish","type":"page","link":"https:\/\/www.fifv.cl\/2015\/dialogos\/","title":{"rendered":"Di\u00e1logos"},"content":{"rendered":"<p>Como cada a\u00f1o, el Festival Internacional de Fotograf\u00eda de Valpara\u00edso invita a importantes fot\u00f3grafos contempor\u00e1neos a conversar con el p\u00fablico presente sobre diversos temas relacionados con este arte.<\/p>\n<p>Esta iniciativa se propone como una instancia de encuentro en torno a la fotograf\u00eda\u00a0actual, en modalidad de entrevistas, conversatorios, mesas redondas.<\/p>\n<p>M\u00e1s que una charla unidirecional, el FIFV ha planteado los di\u00e1logos fotogr\u00e1ficos como una plataforma de discusi\u00f3n, integrando al p\u00fablico a trav\u00e9s de rondas de preguntas al final de cada presentaci\u00f3n. Cualquier persona de la audiencia, sea fot\u00f3grafo o espectador, puede pedir el micr\u00f3fono para hablar directamente con el experto que se presenta.<\/p>\n<p><strong>Este 2015, hemos invitado a importantes fot\u00f3grafos \u00a0y \u00a0especialistas internacionales y nacionales en otras \u00e1reas del conocimiento, para ahondar en la importancia de la imagen desde distintos puntos de vista.<\/strong><\/p>\n","protected":false},"excerpt":{"rendered":"<p>Como cada a\u00f1o, el Festival Internacional de Fotograf\u00eda de Valpara\u00edso invita a importantes fot\u00f3grafos contempor\u00e1neos a conversar con el p\u00fablico presente sobre diversos temas relacionados con este arte. Esta iniciativa [&hellip;]<\/p>\n","protected":false},"author":2,"featured_media":843,"parent":0,"menu_order":4,"comment_status":"closed","ping_status":"closed","template":"page-fifv-dialogos.php","meta":{"footnotes":""},"class_list":["post-15","page","type-page","status-publish","has-post-thumbnail","hentry"],"_links":{"self":[{"href":"https:\/\/www.fifv.cl\/2015\/wp-json\/wp\/v2\/pages\/15","targetHints":{"allow":["GET"]}}],"collection":[{"href":"https:\/\/www.fifv.cl\/2015\/wp-json\/wp\/v2\/pages"}],"about":[{"href":"https:\/\/www.fifv.cl\/2015\/wp-json\/wp\/v2\/types\/page"}],"author":[{"embeddable":true,"href":"https:\/\/www.fifv.cl\/2015\/wp-json\/wp\/v2\/users\/2"}],"replies":[{"embeddable":true,"href":"https:\/\/www.fifv.cl\/2015\/wp-json\/wp\/v2\/comments?post=15"}],"version-history":[{"count":5,"href":"https:\/\/www.fifv.cl\/2015\/wp-json\/wp\/v2\/pages\/15\/revisions"}],"predecessor-version":[{"id":877,"href":"https:\/\/www.fifv.cl\/2015\/wp-json\/wp\/v2\/pages\/15\/revisions\/877"}],"wp:featuredmedia":[{"embeddable":true,"href":"https:\/\/www.fifv.cl\/2015\/wp-json\/wp\/v2\/media\/843"}],"wp:attachment":[{"href":"https:\/\/www.fifv.cl\/2015\/wp-json\/wp\/v2\/media?parent=15"}],"curies":[{"name":"wp","href":"https:\/\/api.w.org\/{rel}","templated":true}]}}

Diálogos

<p>Como cada año, el Festival Internacional de Fotografía de Valparaíso invita a importantes fotógrafos contemporáneos a conversar con el público presente sobre diversos temas relacionados con este arte.</p>
<p>Esta iniciativa se propone como una instancia de encuentro en torno a la fotografía actual, en modalidad de entrevistas, conversatorios, mesas redondas.</p>
<p>Más que una charla unidirecional, el FIFV ha planteado los diálogos fotográficos como una plataforma de discusión, integrando al público a través de rondas de preguntas al final de cada presentación. Cualquier persona de la audiencia, sea fotógrafo o espectador, puede pedir el micrófono para hablar directamente con el experto que se presenta.</p>
<p><strong>Este 2015, hemos invitado a importantes fotógrafos  y  especialistas internacionales y nacionales en otras áreas del conocimiento, para ahondar en la importancia de la imagen desde distintos puntos de vista.</strong></p>

<p>Como cada año, el Festival Internacional de Fotografía de Valparaíso invita a importantes fotógrafos contemporáneos a conversar con el público presente sobre diversos temas relacionados con este arte. Esta iniciativa [&hellip;]</p>
