{"id":1116,"date":"2015-10-30T01:14:18","date_gmt":"2015-10-30T04:14:18","guid":{"rendered":"http:\/\/www.fifv.cl\/2015\/?page_id=1116"},"modified":"2015-11-16T14:36:54","modified_gmt":"2015-11-16T17:36:54","slug":"videos","status":"publish","type":"page","link":"https:\/\/www.fifv.cl\/2015\/videos\/","title":{"rendered":"Videos"},"content":{"rendered":"<h3>S\u00e1bado\u00a0&#8211; Exposici\u00f3n Brigadas Fotogr\u00e1ficas<\/h3>\n<p><iframe loading=\"lazy\" src=\"https:\/\/player.vimeo.com\/video\/145690232\" width=\"500\" height=\"281\" frameborder=\"0\" allowfullscreen=\"allowfullscreen\"><\/iframe><\/p>\n<h3>Viernes &#8211; Revista FIFV 2015 en Imprenta<\/h3>\n<p><iframe loading=\"lazy\" src=\"https:\/\/player.vimeo.com\/video\/145697433\" width=\"500\" height=\"281\" frameborder=\"0\" allowfullscreen=\"allowfullscreen\"><\/iframe><\/p>\n<h3>Jueves\u00a0&#8211; Muestra de Fotolibros Latinoamericanos<\/h3>\n<p><iframe loading=\"lazy\" src=\"https:\/\/player.vimeo.com\/video\/144798052\" width=\"500\" height=\"281\" frameborder=\"0\" allowfullscreen=\"allowfullscreen\"><\/iframe><\/p>\n<h3>Mi\u00e9rcoles\u00a0&#8211; Workshops en el FIFV 2015<\/h3>\n<p><iframe loading=\"lazy\" src=\"https:\/\/player.vimeo.com\/video\/145688342\" width=\"500\" height=\"281\" frameborder=\"0\" allowfullscreen=\"allowfullscreen\"><\/iframe><\/p>\n<h3>Martes\u00a0&#8211; Inauguraci\u00f3n Exposici\u00f3n \u00abValpara\u00edso\u00bb en\u00a0Centro Cultural de Espa\u00f1a<\/h3>\n<p><iframe loading=\"lazy\" src=\"https:\/\/player.vimeo.com\/video\/144815694\" width=\"500\" height=\"281\" frameborder=\"0\" allowfullscreen=\"allowfullscreen\"><\/iframe><br \/>\n<iframe loading=\"lazy\" src=\"https:\/\/player.vimeo.com\/video\/144539908\" width=\"500\" height=\"333\" frameborder=\"0\" allowfullscreen=\"allowfullscreen\"><\/iframe><\/p>\n<h3>Lunes\u00a0&#8211; Brigadas Fotogr\u00e1ficas en los cerros de Valpara\u00edso<\/h3>\n<p><iframe loading=\"lazy\" src=\"https:\/\/player.vimeo.com\/video\/144434004\" width=\"500\" height=\"281\" frameborder=\"0\" allowfullscreen=\"allowfullscreen\"><\/iframe><\/p>\n<h3>S\u00e1bado\u00a0&#8211; Contacto v\u00eda Skype con Fernando Ace\u00f1a (Espa\u00f1a)<\/h3>\n<p><iframe loading=\"lazy\" src=\"https:\/\/player.vimeo.com\/video\/144321124\" width=\"500\" height=\"281\" frameborder=\"0\" allowfullscreen=\"allowfullscreen\"><\/iframe><\/p>\n<h3>Viernes\u00a0&#8211;\u00a0Montaje Exposiciones FIFV<\/h3>\n<h3><iframe loading=\"lazy\" src=\"https:\/\/player.vimeo.com\/video\/144240551\" width=\"500\" height=\"281\" frameborder=\"0\" allowfullscreen=\"allowfullscreen\"><\/iframe><\/h3>\n<h3>ENTREVISTA | Alberto Garc\u00eda-Alix<\/h3>\n<h3><iframe loading=\"lazy\" src=\"https:\/\/player.vimeo.com\/video\/142462073\" width=\"500\" height=\"281\" frameborder=\"0\" allowfullscreen=\"allowfullscreen\"><\/iframe><\/h3>\n<h3>Testimonios &#8211; Workshop Alberto Garc\u00eda-Alix<\/h3>\n<p><iframe loading=\"lazy\" src=\"https:\/\/player.vimeo.com\/video\/140384875\" width=\"500\" height=\"281\" frameborder=\"0\" allowfullscreen=\"allowfullscreen\"><\/iframe><\/p>\n","protected":false},"excerpt":{"rendered":"<p>S\u00e1bado\u00a0&#8211; Exposici\u00f3n Brigadas Fotogr\u00e1ficas Viernes &#8211; Revista FIFV 2015 en Imprenta Jueves\u00a0&#8211; Muestra de Fotolibros Latinoamericanos Mi\u00e9rcoles\u00a0&#8211; Workshops en el FIFV 2015 Martes\u00a0&#8211; Inauguraci\u00f3n Exposici\u00f3n \u00abValpara\u00edso\u00bb en\u00a0Centro Cultural de Espa\u00f1a [&hellip;]<\/p>\n","protected":false},"author":1,"featured_media":0,"parent":0,"menu_order":0,"comment_status":"closed","ping_status":"closed","template":"page-fifv-galerias.php","meta":{"footnotes":""},"class_list":["post-1116","page","type-page","status-publish","hentry"],"_links":{"self":[{"href":"https:\/\/www.fifv.cl\/2015\/wp-json\/wp\/v2\/pages\/1116","targetHints":{"allow":["GET"]}}],"collection":[{"href":"https:\/\/www.fifv.cl\/2015\/wp-json\/wp\/v2\/pages"}],"about":[{"href":"https:\/\/www.fifv.cl\/2015\/wp-json\/wp\/v2\/types\/page"}],"author":[{"embeddable":true,"href":"https:\/\/www.fifv.cl\/2015\/wp-json\/wp\/v2\/users\/1"}],"replies":[{"embeddable":true,"href":"https:\/\/www.fifv.cl\/2015\/wp-json\/wp\/v2\/comments?post=1116"}],"version-history":[{"count":17,"href":"https:\/\/www.fifv.cl\/2015\/wp-json\/wp\/v2\/pages\/1116\/revisions"}],"predecessor-version":[{"id":2101,"href":"https:\/\/www.fifv.cl\/2015\/wp-json\/wp\/v2\/pages\/1116\/revisions\/2101"}],"wp:attachment":[{"href":"https:\/\/www.fifv.cl\/2015\/wp-json\/wp\/v2\/media?parent=1116"}],"curies":[{"name":"wp","href":"https:\/\/api.w.org\/{rel}","templated":true}]}}

<h3>Sábado &#8211; Exposición Brigadas Fotográficas</h3>
<p><iframe loading="lazy" src="https://player.vimeo.com/video/145690232" width="500" height="281" frameborder="0" allowfullscreen="allowfullscreen"></iframe></p>
<h3>Viernes &#8211; Revista FIFV 2015 en Imprenta</h3>
<p><iframe loading="lazy" src="https://player.vimeo.com/video/145697433" width="500" height="281" frameborder="0" allowfullscreen="allowfullscreen"></iframe></p>
<h3>Jueves &#8211; Muestra de Fotolibros Latinoamericanos</h3>
<p><iframe loading="lazy" src="https://player.vimeo.com/video/144798052" width="500" height="281" frameborder="0" allowfullscreen="allowfullscreen"></iframe></p>
<h3>Miércoles &#8211; Workshops en el FIFV 2015</h3>
<p><iframe loading="lazy" src="https://player.vimeo.com/video/145688342" width="500" height="281" frameborder="0" allowfullscreen="allowfullscreen"></iframe></p>
<h3>Martes &#8211; Inauguración Exposición «Valparaíso» en Centro Cultural de España</h3>
<p><iframe loading="lazy" src="https://player.vimeo.com/video/144815694" width="500" height="281" frameborder="0" allowfullscreen="allowfullscreen"></iframe><br />
<iframe loading="lazy" src="https://player.vimeo.com/video/144539908" width="500" height="333" frameborder="0" allowfullscreen="allowfullscreen"></iframe></p>
<h3>Lunes &#8211; Brigadas Fotográficas en los cerros de Valparaíso</h3>
<p><iframe loading="lazy" src="https://player.vimeo.com/video/144434004" width="500" height="281" frameborder="0" allowfullscreen="allowfullscreen"></iframe></p>
<h3>Sábado &#8211; Contacto vía Skype con Fernando Aceña (España)</h3>
<p><iframe loading="lazy" src="https://player.vimeo.com/video/144321124" width="500" height="281" frameborder="0" allowfullscreen="allowfullscreen"></iframe></p>
<h3>Viernes &#8211; Montaje Exposiciones FIFV</h3>
<h3><iframe loading="lazy" src="https://player.vimeo.com/video/144240551" width="500" height="281" frameborder="0" allowfullscreen="allowfullscreen"></iframe></h3>
<h3>ENTREVISTA | Alberto García-Alix</h3>
<h3><iframe loading="lazy" src="https://player.vimeo.com/video/142462073" width="500" height="281" frameborder="0" allowfullscreen="allowfullscreen"></iframe></h3>
<h3>Testimonios &#8211; Workshop Alberto García-Alix</h3>
<p><iframe loading="lazy" src="https://player.vimeo.com/video/140384875" width="500" height="281" frameborder="0" allowfullscreen="allowfullscreen"></iframe></p>

<p>Sábado &#8211; Exposición Brigadas Fotográficas Viernes &#8211; Revista FIFV 2015 en Imprenta Jueves &#8211; Muestra de Fotolibros Latinoamericanos Miércoles &#8211; Workshops en el FIFV 2015 Martes &#8211; Inauguración Exposición «Valparaíso» en Centro Cultural de España [&hellip;]</p>
