{"id":21,"date":"2012-10-29T18:23:02","date_gmt":"2012-10-29T21:23:02","guid":{"rendered":"http:\/\/www.fifv.cl\/2012\/?page_id=21"},"modified":"2013-05-29T20:50:49","modified_gmt":"2013-05-30T00:50:49","slug":"exposiciones","status":"publish","type":"page","link":"https:\/\/www.fifv.cl\/2012\/exposiciones\/","title":{"rendered":"Exposiciones"},"content":{"rendered":"\n\t<ul id=\"slideshowgallery1164\" class=\"slideshowgallery1164\" style=\"display:none;\">\n\t\t\t\t\t<!-- From all slides or gallery slides -->\n\t\t\t\t\t\t\t\n\t\t\t\t<li>\n\t\t\t\t\t<h3 style=\"opacity:70;\">Menu Exposiciones_1<\/h3>\n\t\t\t\t\t\t\t\t\t\t\t<span data-alt=\"menu-exposiciones1\">https:\/\/www.fifv.cl\/2012\/wp-content\/uploads\/slideshow-gallery\/01-2.jpg<\/span>\n\t\t\t\t\t\t\t\t\t\t<p><\/p>\n\t\t\t\t\t\t\t\t\t\t\t\t\t\t\t\t\t\t<a><\/a>\n\t\t\t\t\t\t\t\t\t\t\t\t\t\t\t<\/li>\n\t\t\t\t\t\t\t\n\t\t\t\t<li>\n\t\t\t\t\t<h3 style=\"opacity:70;\">Menu Exposiciones_2<\/h3>\n\t\t\t\t\t\t\t\t\t\t\t<span data-alt=\"menu-exposiciones2\">https:\/\/www.fifv.cl\/2012\/wp-content\/uploads\/slideshow-gallery\/10-2.jpg<\/span>\n\t\t\t\t\t\t\t\t\t\t<p><\/p>\n\t\t\t\t\t\t\t\t\t\t\t\t\t\t\t\t\t\t<a><\/a>\n\t\t\t\t\t\t\t\t\t\t\t\t\t\t\t<\/li>\n\t\t\t\t\t\t\t\n\t\t\t\t<li>\n\t\t\t\t\t<h3 style=\"opacity:70;\">Menu Exposiciones_3<\/h3>\n\t\t\t\t\t\t\t\t\t\t\t<span data-alt=\"menu-exposiciones3\">https:\/\/www.fifv.cl\/2012\/wp-content\/uploads\/slideshow-gallery\/_MG_6622-2.jpg<\/span>\n\t\t\t\t\t\t\t\t\t\t<p><\/p>\n\t\t\t\t\t\t\t\t\t\t\t\t\t\t\t\t\t\t<a><\/a>\n\t\t\t\t\t\t\t\t\t\t\t\t\t\t\t<\/li>\n\t\t\t\t\t\t\t\n\t\t\t\t<li>\n\t\t\t\t\t<h3 style=\"opacity:70;\">Menu Exposiciones_4<\/h3>\n\t\t\t\t\t\t\t\t\t\t\t<span data-alt=\"menu-exposiciones4\">https:\/\/www.fifv.cl\/2012\/wp-content\/uploads\/slideshow-gallery\/2-2.jpg<\/span>\n\t\t\t\t\t\t\t\t\t\t<p><\/p>\n\t\t\t\t\t\t\t\t\t\t\t\t\t\t\t\t\t\t<a><\/a>\n\t\t\t\t\t\t\t\t\t\t\t\t\t\t\t<\/li>\n\t\t\t\t\t\t\t\n\t\t\t\t<li>\n\t\t\t\t\t<h3 style=\"opacity:70;\">Menu Exposiciones_5<\/h3>\n\t\t\t\t\t\t\t\t\t\t\t<span data-alt=\"menu-exposiciones5\">https:\/\/www.fifv.cl\/2012\/wp-content\/uploads\/slideshow-gallery\/4-2.jpg<\/span>\n\t\t\t\t\t\t\t\t\t\t<p><\/p>\n\t\t\t\t\t\t\t\t\t\t\t\t\t\t\t\t\t\t<a><\/a>\n\t\t\t\t\t\t\t\t\t\t\t\t\t\t\t<\/li>\n\t\t\t\t\t\t\t\n\t\t\t\t<li>\n\t\t\t\t\t<h3 style=\"opacity:70;\">Menu Exposiciones_6<\/h3>\n\t\t\t\t\t\t\t\t\t\t\t<span data-alt=\"menu-exposiciones6\">https:\/\/www.fifv.cl\/2012\/wp-content\/uploads\/slideshow-gallery\/12-2.jpg<\/span>\n\t\t\t\t\t\t\t\t\t\t<p><\/p>\n\t\t\t\t\t\t\t\t\t\t\t\t\t\t\t\t\t\t<a><\/a>\n\t\t\t\t\t\t\t\t\t\t\t\t\t\t\t<\/li>\n\t\t\t\t\t\t\t\n\t\t\t\t<li>\n\t\t\t\t\t<h3 style=\"opacity:70;\">Menu Exposiciones_7<\/h3>\n\t\t\t\t\t\t\t\t\t\t\t<span data-alt=\"menu-exposiciones7\">https:\/\/www.fifv.cl\/2012\/wp-content\/uploads\/slideshow-gallery\/delacruzimages_MG_5795-2.jpg<\/span>\n\t\t\t\t\t\t\t\t\t\t<p><\/p>\n\t\t\t\t\t\t\t\t\t\t\t\t\t\t\t\t\t\t<a><\/a>\n\t\t\t\t\t\t\t\t\t\t\t\t\t\t\t<\/li>\n\t\t\t\t\t\t\t\n\t\t\t\t<li>\n\t\t\t\t\t<h3 style=\"opacity:70;\">Menu Exposiciones_8<\/h3>\n\t\t\t\t\t\t\t\t\t\t\t<span data-alt=\"menu-exposiciones8\">https:\/\/www.fifv.cl\/2012\/wp-content\/uploads\/slideshow-gallery\/delacruzimages_MG_5760-2.jpg<\/span>\n\t\t\t\t\t\t\t\t\t\t<p><\/p>\n\t\t\t\t\t\t\t\t\t\t\t\t\t\t\t\t\t\t<a><\/a>\n\t\t\t\t\t\t\t\t\t\t\t\t\t\t\t<\/li>\n\t\t\t\t\t\t\t\n\t\t\t\t<li>\n\t\t\t\t\t<h3 style=\"opacity:70;\">Menu Exposiciones_9<\/h3>\n\t\t\t\t\t\t\t\t\t\t\t<span data-alt=\"menu-exposiciones9\">https:\/\/www.fifv.cl\/2012\/wp-content\/uploads\/slideshow-gallery\/exposicion_2.jpg<\/span>\n\t\t\t\t\t\t\t\t\t\t<p><\/p>\n\t\t\t\t\t\t\t\t\t\t\t\t\t\t\t\t\t\t<a><\/a>\n\t\t\t\t\t\t\t\t\t\t\t\t\t\t\t<\/li>\n\t\t\t\t\t\t\t\n\t\t\t\t<li>\n\t\t\t\t\t<h3 style=\"opacity:70;\">Menu Exposiciones_10<\/h3>\n\t\t\t\t\t\t\t\t\t\t\t<span data-alt=\"menu-exposiciones10\">https:\/\/www.fifv.cl\/2012\/wp-content\/uploads\/slideshow-gallery\/exposicion_1.jpg<\/span>\n\t\t\t\t\t\t\t\t\t\t<p><\/p>\n\t\t\t\t\t\t\t\t\t\t\t\t\t\t\t\t\t\t<a><\/a>\n\t\t\t\t\t\t\t\t\t\t\t\t\t\t\t<\/li>\n\t\t\t\t\t\t<\/ul>\n\t\n\t<div id=\"slideshow-wrappergallery1164\" class=\"slideshow-wrapper\">\n\t\t\t\n\t\t<div class=\"slideshow-fullsize\" id=\"fullsizegallery1164\">\n\t\t\t\t\t\t\t\t\t\t\t\t\t\t<div id=\"imgprevgallery1164\" class=\"slideshow-imgprev imgnav\" title=\"Previous Image\">Previous Image<\/div>\n\t\t\t\t\t\t<a id=\"imglinkgallery1164\" class=\"slideshow-imglink imglink\"><!-- link --><\/a>\n\t\t\t\t\t\t\t\t\t\t\t<div id=\"imgnextgallery1164\" class=\"slideshow-imgnext imgnav\" title=\"Next Image\">Next Image<\/div>\n\t\t\t\t\t\t<div id=\"imagegallery1164\" class=\"slideshow-image\"><\/div>\n\t\t\t<div class=\"slideshow-information infobottom\" id=\"informationgallery1164\">\n\t\t\t\t<h3 class=\"slideshow-info-heading\">info heading<\/h3>\n\t\t\t\t<p class=\"slideshow-info-content\">info content<\/p>\n\t\t\t<\/div>\n\t\t<\/div>\n\t\t\n\t\t\t<\/div>\n\t\n\t\n\t<!-- Slideshow Gallery Javascript BEG -->\t\t<script type=\"text\/javascript\">\tjQuery.noConflict();\ttid('slideshowgallery1164').style.display = \"none\";\ttid('slideshow-wrappergallery1164').style.display = 'block';\ttid('slideshow-wrappergallery1164').style.visibility = 'hidden';\tvar spinnerDiv = document.createElement('div');\tspinnerDiv.setAttribute('id', 'spinnergallery1164');\tspinnerDiv.innerHTML = '<i class=\"fa fa-cog fa-spin\"><\/i>';\tjQuery(spinnerDiv).appendTo('#fullsizegallery1164');\ttid('spinnergallery1164').style.visibility = 'visible';\tvar slideshowgallery1164 = new TINY.slideshow(\"slideshowgallery1164\");\tjQuery(document).ready(function() {\t\tslideshowgallery1164.auto = true;\t\tslideshowgallery1164.speed = 10;\t\tslideshowgallery1164.effect = \"fade\";\t\tslideshowgallery1164.slide_direction = \"lr\";\t\tslideshowgallery1164.easing = \"swing\";\t\tslideshowgallery1164.alwaysauto = true;\t\tslideshowgallery1164.autoheight = false;\t\tslideshowgallery1164.autoheight_max = false;\t\tslideshowgallery1164.imgSpeed = 10;\t\tslideshowgallery1164.navOpacity = 25;\t\tslideshowgallery1164.navHover = 70;\t\tslideshowgallery1164.letterbox = \"#000000\";\t\tslideshowgallery1164.linkclass = \"linkhover\";\t\tslideshowgallery1164.imagesid = \"imagesgallery1164\";\t\tslideshowgallery1164.info = \"\";\t\tslideshowgallery1164.infoonhover = 0;\t\tslideshowgallery1164.infoSpeed = 10;\t\tslideshowgallery1164.infodelay = 0;\t\tslideshowgallery1164.infofade = 0;\t\tslideshowgallery1164.infofadedelay = 0;\t\tslideshowgallery1164.thumbs = \"\";\t\tslideshowgallery1164.thumbOpacity = 70;\t\tslideshowgallery1164.left = \"slideleftgallery1164\";\t\tslideshowgallery1164.right = \"sliderightgallery1164\";\t\tslideshowgallery1164.scrollSpeed = 5;\t\tslideshowgallery1164.spacing = 5;\t\tslideshowgallery1164.active = \"#ffffff\";\t\tslideshowgallery1164.imagesthickbox = \"false\";\t\tjQuery(\"#spinnergallery1164\").remove();\t\tslideshowgallery1164.init(\"slideshowgallery1164\",\"imagegallery1164\",\"imgprevgallery1164\",\"imgnextgallery1164\",\"imglinkgallery1164\");\t\ttid('slideshow-wrappergallery1164').style.visibility = 'visible';\t\tjQuery(window).trigger('resize');\t\t\t\t\t});\t\t<\/script>\t\t<!-- Slideshow Gallery Javascript END --><!-- Slideshow Gallery CSS BEG --><style id=\"style-gallery1164\">        ul.slideshowgallery1164 { list-style:none !important; color:#fff; }\n        ul.slideshowgallery1164 span { display:none; }\n        #slideshow-wrappergallery1164 { overflow:hidden; position:relative; width:880px; background:#000000; padding:0 0 0 0; border:1px solid #CCCCCC; margin:0; display:none; }\n        #slideshow-wrappergallery1164 * { margin:0; padding:0; }\n        #slideshow-wrappergallery1164 #fullsizegallery1164 { position:relative; z-index:1; overflow:hidden; width:880px; height:320px; clear:both; border: none; }\n        #slideshow-wrappergallery1164 #informationgallery1164 { text-align:left; font-family:Verdana, Arial, Helvetica, sans-serif !important; position:absolute; bottom:0; width:880px; height:0; background:#000000; color:#FFFFFF; overflow:hidden; z-index:300; opacity:.7; filter:alpha(opacity=70); }\n        #slideshow-wrappergallery1164 #informationgallery1164 h3 { color:#FFFFFF; padding:4px 8px 3px; margin:0 !important; font-size:16px; font-weight:bold; }\n        #slideshow-wrappergallery1164 #informationgallery1164 a { color:#FFFFFF; }\n        #slideshow-wrappergallery1164 #informationgallery1164 p { color:#FFFFFF; padding:0 8px 8px; margin:0 !important; font-size: 14px; font-weight:normal; }\n        #slideshow-wrappergallery1164 .infotop { margin-bottom:8px !important; top:0; }\n        #slideshow-wrappergallery1164 .infobottom { margin-top:8px !important; bottom:0; }\n                    #slideshow-wrappergallery1164 #imagegallery1164 { width:880px; }\n            #slideshow-wrappergallery1164 #imagegallery1164 img { border:none; border-radius:0; box-shadow:none; position:absolute; left:0%; right:0%; max-height:100%; max-width:100%; margin:0 auto; display:block; }\n                #slideshow-wrappergallery1164 .imgnav { position:absolute; width:25%; height:100%; cursor:pointer; z-index:250; }\n        #slideshow-wrappergallery1164 #imgprevgallery1164:before { font-family:FontAwesome; content:\"\\f053\"; font-size:30px; color:white; visibility:visible; left:0; text-align:left; width: auto; height:auto; line-height:160%; top:50%; margin:-30px 0 0 0; border-radius:0 10px 10px 0; background:black; padding:3px 10px 0 10px; position: absolute; display: inline-block; }\n        #slideshow-wrappergallery1164 #imgprevgallery1164 { display:none; -moz-user-select: none; -khtml-user-select: none; -webkit-user-select: none; -o-user-select: none; left:0; font-size:0px; }\n        #slideshow-wrappergallery1164 #imgnextgallery1164:before { font-family:FontAwesome; content:\"\\f054\"; font-size:30px; color:white; visibility:visible; right:0; text-align:right; width: auto; height:auto; line-height:160%; top:50%; margin:-30px 0 0 0; border-radius:10px 0 0 10px; background:black; padding:3px 10px 0 10px; position: absolute; display: inline-block; }\n        #slideshow-wrappergallery1164 #imgnextgallery1164 { display:none; -moz-user-select: none; -khtml-user-select: none; -webkit-user-select: none; -o-user-select: none; right:0; font-size:0px; }\n        #slideshow-wrappergallery1164 #imglinkgallery1164 { position:absolute; zoom:1; background-color:#ffffff; height:100%; width:100%; left:0; z-index:149; opacity:0; filter:alpha(opacity=0); }\n        #slideshow-wrappergallery1164 .linkhover:before { font-family:FontAwesome; content:\"\\f14c\"; font-size:30px; text-align:center; height:auto; line-height:160%; width:auto; top:50%; left:auto; right:auto; margin:-30px 0 0 0; padding:0px 12px; display: inline-block; position: relative; background:black; color:white; border-radius:10px; }\n        #slideshow-wrappergallery1164 .linkhover { background:transparent !important; opacity:.4 !important; filter:alpha(opacity=40) !important; text-align:center; font-size:0px; }\n        #slideshow-wrappergallery1164 #thumbnailsgallery1164 { background:#000000; }\n        #slideshow-wrappergallery1164 .thumbstop { margin-bottom:8px !important; }\n        #slideshow-wrappergallery1164 .thumbsbot { margin-top:8px !important; }\n        #slideshow-wrappergallery1164 #slideleftgallery1164:before { font-family:FontAwesome; content: \"\\f104\"; color:#999; position: absolute; height: auto; line-height:160%; width: auto; display: inline-block; top: 50%; font-size: 30px; margin: -30px 0 0 0; padding: 0 5px; }\n        #slideshow-wrappergallery1164 #slideleftgallery1164 { text-align:left; float:left; position:relative; width:20px; height:89px; background:#222; }\n        #slideshow-wrappergallery1164 #slideleftgallery1164:hover { background-color:#333; }\n        #slideshow-wrappergallery1164 #sliderightgallery1164:before { font-family:FontAwesome; content: \"\\f105\"; color:#999; position: absolute; height: auto; line-height:160%; width: auto; display: inline-block; top: 50%; font-size: 30px; margin: -30px 0 0 0; padding: 0 5px; }\n        #slideshow-wrappergallery1164 #sliderightgallery1164 { text-align:left; float:right; position:relative; width:20px; height:89px; background:#222; }\n        #slideshow-wrappergallery1164 #sliderightgallery1164:hover { background-color:#333; }\n        #slideshow-wrappergallery1164 #slideareagallery1164 { float:left; position:relative; background:#000000; width:825px; margin:0 5px; height:89px; overflow:hidden; }\n        #slideshow-wrappergallery1164 #slidergallery1164 { position:absolute; width:1170px !important; left:0; height:89px; }\n        #slideshow-wrappergallery1164 #slidergallery1164 img { width:100px; height:75px; cursor:pointer; border:1px solid #666; padding:2px; float:left !important; }\n        #slideshow-wrappergallery1164 #spinnergallery1164 { position:relative; top:50%; left:45%; text-align:left; font-size:30px; }\n        #slideshow-wrappergallery1164 #spinnergallery1164 img { border:none; }\n                @media (max-width:480px) { \t.slideshow-information { display: none !important; } }\n                        @media (max-width:480px) { \t.slideshow-thumbnails { display: none !important; } }\n            <\/style><!-- Slideshow Gallery CSS END -->\n<p>Fotograf\u00eda y archivo son casi sin\u00f3nimos en la pr\u00e1ctica profesional, tambi\u00e9n riman para los millones de aficionados y usuarios que atesoran las im\u00e1genes para documentar sus recuerdos.<\/p>\n<p>Sistemas de clasificaci\u00f3n, contenedores de memoria, formas de comunicarse entre las personas, referentes de presentes ef\u00edmeros y lejanos,&#8230; Diversas formas de entender y explorar los archivos fotogr\u00e1ficos son la gu\u00eda que unifica esta exposici\u00f3n m\u00faltiple. Distintas miradas presentan las fotos patrimoniales del\u00a0 archivo de Alfredo, organizan una revisi\u00f3n de las fotograf\u00edas autorales de Larra\u00edn, citan un libro desde los archivos de 38 fot\u00f3grafos chilenos y crean obra en forma colectiva.<\/p>\n<p>&nbsp;<\/p>\n<p><span style=\"color: #000000;\"><strong>Inauguraci\u00f3n Exposici\u00f3n Central<\/strong><\/span><\/p>\n<p>Galer\u00eda de Artes Visuales<\/p>\n<p>Parque Cultural de Valpara\u00edso<\/p>\n<p><span style=\"color: #000000;\"><strong>10 de noviembre \u2013 15 de diciembre<\/strong><\/span><\/p>\n<p>&nbsp;<\/p>\n<p><span style=\"color: #000000;\"><strong>Con cuatro muestras se cierra el Festival Internacional de Fotograf\u00eda Valpara\u00edso<\/strong><\/span>, que en su III versi\u00f3n tuvo como tem\u00e1tica <span style=\"color: #000000;\"><strong>\u201cEl Archivo Fotogr\u00e1fico\u201d<\/strong><\/span>. Estas se <strong><span style=\"color: #000000;\">inaugurar\u00e1n en el Parque Cultural de Valpara\u00edso (PCdV), el S\u00e1bado 10 a las 19:30hrs<\/span>.<\/strong><\/p>\n<p>&nbsp;<\/p>\n<address><strong><span style=\"color: #000000;\">\u201cResidencias con <\/span><strong><span style=\"color: #000000;\">Fran\u00e7ois H\u00e9bel y Antoine D&#8217;Agata&#8221;<\/span>:<\/strong><\/strong><\/address>\n<address style=\"text-align: left;\">Durante una semana, dos grupos de fot\u00f3graf@s chilenos trabajaron intensamente con\u00a0 Fran\u00e7ois H\u00e9bel y Antoine D&#8217;Agata, nuestros invitados franceses.\u00a0\u00a0 Esta muestra es la producci\u00f3n elaborada por l@s fot\u00f3graf@s participantes en estos talleres internacionales, realizados en el PCdV durante el desarrollo del festival. En el primero se trabaj\u00f3 produciendo obra a partir de archivos fotogr\u00e1ficos, en el segundo con una creaci\u00f3n libre hecha en Valpara\u00edso.<\/address>\n<address style=\"text-align: left;\">\u00a0<\/address>\n<address style=\"text-align: left;\">\u00a0<\/address>\n<address style=\"text-align: left;\"><span style=\"color: #000000;\"><strong>\u201cLos 7 espejos, homenaje a Sergio Larra\u00edn\u201d<\/strong><\/span>, exposici\u00f3n que presenta 7 copias de los archivos originales del fot\u00f3grafo, im\u00e1genes blanco y negro obtenidas en las calles del puerto, junto a 7 pantallas de gran formato que muestran, en tiempo real, los mismos encuadres a 50 a\u00f1os de distancia, transmitidos desde webcams ubicados en la calle. El conjunto, montado junto a las gigantograf\u00edas de la revista DU, edici\u00f3n Suiza que encarg\u00f3 a Larra\u00edn y Neruda un trabajo sobre \u201cValpara\u00edso\u201d en 1965, sobre el cu\u00e1l se mont\u00f3 el libro hom\u00f3nimo.<\/address>\n<address style=\"text-align: left;\">\u00a0<\/address>\n<address style=\"text-align: left;\">\u00a0<\/address>\n<address style=\"text-align: left;\"><span style=\"color: #000000;\"><strong>\u201cEl archivo de Alfredo\u201d<\/strong><\/span>, es una curator\u00eda hecha por Fifv al enorme archivo de Alfredo Nebreda, colecci\u00f3n de m\u00e1s de 15.000 fotograf\u00edas de Valpara\u00edso. Uno de los mayores archivos de im\u00e1genes locales, que se monta en la gran sala del PCdV. Compuesto por las copias originales, ampliaciones de estas y versiones digitales que dan cuenta de este laberinto.<\/address>\n<address style=\"text-align: left;\">\u00a0<\/address>\n<address style=\"text-align: left;\">\u00a0<\/address>\n<address style=\"text-align: left;\"><span style=\"color: #000000;\"><strong>\u201cEl libro de Larra\u00edn II\u201d<\/strong><\/span> corresponde a la segunda versi\u00f3n de este trabajo. La primera consisti\u00f3 en obtener descripciones de las 38 fotos del libro \u201cValpara\u00edso\u201d (\u00a9Sergio Larra\u00edn. Ed Hazan 1992. Par\u00eds Francia), relatadas por habitantes del puerto enfrentados a las fotocopias de este libro hoy agotado. Esta nueva exposici\u00f3n ser\u00e1 una traducci\u00f3n hecha con 38 fotograf\u00edas, seleccionadas de los archivos de sendos fot\u00f3grafos en funci\u00f3n de cada narraci\u00f3n.<\/address>\n<p>&nbsp;<\/p>\n<p>&nbsp;<\/p>\n<a href=\"http:\/\/www.fifv.cl\/2012\/wp-content\/uploads\/2012\/10\/expo.jpg\"><img loading=\"lazy\" decoding=\"async\" class=\"size-full wp-image-122 aligncenter\" title=\"expo\" src=\"http:\/\/www.fifv.cl\/2012\/wp-content\/uploads\/2012\/10\/expo.jpg\" alt=\"\" width=\"950\" height=\"300\" srcset=\"https:\/\/www.fifv.cl\/2012\/wp-content\/uploads\/2012\/10\/expo.jpg 950w, https:\/\/www.fifv.cl\/2012\/wp-content\/uploads\/2012\/10\/expo-300x94.jpg 300w\" sizes=\"auto, (max-width: 950px) 100vw, 950px\" \/><\/a>\n<blockquote><p>Homenaje Sergio Larra\u00edn.<br \/>\nEl Archivo de Alfredo.<br \/>\nLa segunda versi\u00f3n del libro de Valpara\u00edso.<\/p>\n<p>&nbsp;<\/p>\n<p>&nbsp;<\/p><\/blockquote>\n","protected":false},"excerpt":{"rendered":"<p>Fotograf\u00eda y archivo son casi sin\u00f3nimos en la pr\u00e1ctica profesional, tambi\u00e9n riman para los millones de aficionados y usuarios que&#8230;  <a class=\"leermas\" href=\"https:\/\/www.fifv.cl\/2012\/exposiciones\/\" title=\"Read Exposiciones\">Leer M\u00e1s..<\/a><\/p>\n","protected":false},"author":1,"featured_media":0,"parent":0,"menu_order":0,"comment_status":"closed","ping_status":"closed","template":"","meta":{"footnotes":""},"class_list":["post-21","page","type-page","status-publish","hentry"],"_links":{"self":[{"href":"https:\/\/www.fifv.cl\/2012\/wp-json\/wp\/v2\/pages\/21","targetHints":{"allow":["GET"]}}],"collection":[{"href":"https:\/\/www.fifv.cl\/2012\/wp-json\/wp\/v2\/pages"}],"about":[{"href":"https:\/\/www.fifv.cl\/2012\/wp-json\/wp\/v2\/types\/page"}],"author":[{"embeddable":true,"href":"https:\/\/www.fifv.cl\/2012\/wp-json\/wp\/v2\/users\/1"}],"replies":[{"embeddable":true,"href":"https:\/\/www.fifv.cl\/2012\/wp-json\/wp\/v2\/comments?post=21"}],"version-history":[{"count":26,"href":"https:\/\/www.fifv.cl\/2012\/wp-json\/wp\/v2\/pages\/21\/revisions"}],"predecessor-version":[{"id":125,"href":"https:\/\/www.fifv.cl\/2012\/wp-json\/wp\/v2\/pages\/21\/revisions\/125"}],"wp:attachment":[{"href":"https:\/\/www.fifv.cl\/2012\/wp-json\/wp\/v2\/media?parent=21"}],"curies":[{"name":"wp","href":"https:\/\/api.w.org\/{rel}","templated":true}]}}